
{"id":338,"date":"2024-04-09T19:10:45","date_gmt":"2024-04-09T17:10:45","guid":{"rendered":"https:\/\/jeumpa.fr\/?post_type=product&#038;p=338"},"modified":"2024-11-28T15:44:58","modified_gmt":"2024-11-28T14:44:58","slug":"cilok-ayam","status":"publish","type":"product","link":"https:\/\/jeumpa.fr\/index.php\/product\/cilok-ayam\/","title":{"rendered":"Cilok Ayam"},"content":{"rendered":"<p>1 portion = 10 pi\u00e8ces<\/p>\n<p>Vendu sans sauce il est conseill\u00e9 de commander \u00ab\u00a0saus kacang\u00a0\u00bb pour d\u00e9guster Cilok Ayam (voir cat\u00e9gories \u00ab\u00a0sauce\u00a0\u00bb)<\/p>\n<p>&nbsp;<\/p>\n<div>\n<p>Cilok\u00a0est une boulette\u00a0sundanaise (\u00cfle de Java), en forme de boule \u00e0 base de tapioca (ou \u00ab\u00a0aci\u00a0\u00bb se prononce atchi). En sundanais, cilok est une abr\u00e9viation de aci dicolok ou \u00ab tapioca piqu\u00e9 \u00bb, puisque les boules de tapioca sont piqu\u00e9es avec des brochettes de lidi fabriqu\u00e9es \u00e0 partir de la nervure centrale de la feuille de cocotier. Tr\u00e8s populaire comme amuse-bouche pour les \u00e9coliers ainsi que les adultes, \u00e0 manger dans un petit\u00a0conteneur arros\u00e9\u00a0de sa sauce (par exemple la sauce cacahu\u00e8te) o\u00f9 on vient piquer le Cilok\u00a0une bouch\u00e9e apr\u00e8s l&rsquo;autre.<\/p>\n<p>Je vous propose une recette au poulet, que vous pouvez manger avec sa sauce cacahu\u00e8te maison (avec diff\u00e9rents degr\u00e9s\u00a0de piment).<\/p>\n<\/div>\n<div>Vous pouvez par exemple manger Cilok Ayam dans vos ap\u00e9ritifs.<\/div>\n","protected":false},"excerpt":{"rendered":"<p>Cilok\u00a0est une boulette\u00a0sundanaise (\u00cfle de Java), en forme de boule \u00e0 base de tapioca (ou \u00ab\u00a0aci\u00a0\u00bb se prononce atchi). En sundanais, cilok est une abr\u00e9viation de aci dicolok ou \u00ab tapioca piqu\u00e9 \u00bb, puisque les boules de tapioca sont piqu\u00e9es avec des brochettes de lidi fabriqu\u00e9es \u00e0 partir de la nervure centrale de la feuille de cocotier. Tr\u00e8s populaire comme amuse-bouche pour les \u00e9coliers ainsi que les adultes, \u00e0 manger dans un petit\u00a0conteneur arros\u00e9\u00a0de sa sauce (par exemple la sauce cacahu\u00e8te) o\u00f9 on vient piquer le Cilok\u00a0une bouch\u00e9e apr\u00e8s l&rsquo;autre.<\/p>\n","protected":false},"featured_media":339,"comment_status":"open","ping_status":"closed","template":"","meta":{"jetpack_post_was_ever_published":false},"product_brand":[],"product_cat":[31,22],"product_tag":[],"class_list":{"0":"post-338","1":"product","2":"type-product","3":"status-publish","4":"has-post-thumbnail","6":"product_cat-sans-lactose","7":"product_cat-snacks-sales","9":"first","10":"onbackorder","11":"shipping-taxable","12":"purchasable","13":"product-type-simple"},"jetpack_sharing_enabled":true,"wcpa_form_fields":null,"_links":{"self":[{"href":"https:\/\/jeumpa.fr\/index.php\/wp-json\/wp\/v2\/product\/338","targetHints":{"allow":["GET"]}}],"collection":[{"href":"https:\/\/jeumpa.fr\/index.php\/wp-json\/wp\/v2\/product"}],"about":[{"href":"https:\/\/jeumpa.fr\/index.php\/wp-json\/wp\/v2\/types\/product"}],"replies":[{"embeddable":true,"href":"https:\/\/jeumpa.fr\/index.php\/wp-json\/wp\/v2\/comments?post=338"}],"wp:featuredmedia":[{"embeddable":true,"href":"https:\/\/jeumpa.fr\/index.php\/wp-json\/wp\/v2\/media\/339"}],"wp:attachment":[{"href":"https:\/\/jeumpa.fr\/index.php\/wp-json\/wp\/v2\/media?parent=338"}],"wp:term":[{"taxonomy":"product_brand","embeddable":true,"href":"https:\/\/jeumpa.fr\/index.php\/wp-json\/wp\/v2\/product_brand?post=338"},{"taxonomy":"product_cat","embeddable":true,"href":"https:\/\/jeumpa.fr\/index.php\/wp-json\/wp\/v2\/product_cat?post=338"},{"taxonomy":"product_tag","embeddable":true,"href":"https:\/\/jeumpa.fr\/index.php\/wp-json\/wp\/v2\/product_tag?post=338"}],"curies":[{"name":"wp","href":"https:\/\/api.w.org\/{rel}","templated":true}]}}