
{"id":1397,"date":"2025-01-26T18:21:52","date_gmt":"2025-01-26T17:21:52","guid":{"rendered":"https:\/\/jeumpa.fr\/?post_type=product&#038;p=1397"},"modified":"2025-01-26T18:42:42","modified_gmt":"2025-01-26T17:42:42","slug":"kue-keranjang","status":"publish","type":"product","link":"https:\/\/jeumpa.fr\/index.php\/product\/kue-keranjang\/","title":{"rendered":"Kue Keranjang"},"content":{"rendered":"<p>Le <strong>Kue Keranjang<\/strong>, \u00e9galement appel\u00e9 <strong>Nian Gao<\/strong> ou parfois \u00ab\u00a0g\u00e2teau panier\u00a0\u00bb en fran\u00e7ais, est une p\u00e2tisserie traditionnelle chinoise tr\u00e8s populaire, surtout lors des c\u00e9l\u00e9brations du Nouvel An lunaire. Son nom indon\u00e9sien, \u00ab\u00a0Kue Keranjang\u00a0\u00bb (g\u00e2teau panier), provient de la forme du moule souvent utilis\u00e9, qui ressemble \u00e0 un panier.<\/p>\n<p>Pr\u00e9par\u00e9 \u00e0 partir de farine de riz gluant, de sucre de canne ou sucre brun, et d&rsquo;eau. Ces ingr\u00e9dients simples lui donnent une texture moelleuse, collante et l\u00e9g\u00e8rement \u00e9lastique.<\/p>\n<p>C&rsquo;est une sp\u00e9cialit\u00e9 appr\u00e9ci\u00e9e non seulement pour son go\u00fbt sucr\u00e9 et r\u00e9confortant, mais aussi pour sa signification culturelle profonde.<\/p>\n<p>Pour plus d &lsquo;informations <a href=\"https:\/\/jeumpa.fr\/index.php\/2025\/01\/26\/kue-keranjang\/\">lisez notre article ICI<\/a><\/p>\n<p>1 pi\u00e8ce = environ 400g<\/p>\n","protected":false},"excerpt":{"rendered":"<p>Le <strong>Kue Keranjang<\/strong>, \u00e9galement appel\u00e9 <strong>Nian Gao<\/strong> ou parfois \u00ab\u00a0g\u00e2teau panier\u00a0\u00bb en fran\u00e7ais, est une p\u00e2tisserie traditionnelle chinoise tr\u00e8s populaire, surtout lors des c\u00e9l\u00e9brations du Nouvel An lunaire. Son nom indon\u00e9sien, \u00ab\u00a0Kue Keranjang\u00a0\u00bb (g\u00e2teau panier), provient de la forme du moule souvent utilis\u00e9, qui ressemble \u00e0 un panier.<\/p>\n<p>1 pi\u00e8ce = environ 400g<\/p>\n","protected":false},"featured_media":1398,"comment_status":"open","ping_status":"closed","template":"","meta":{"jetpack_post_was_ever_published":false},"product_brand":[],"product_cat":[28,31,21],"product_tag":[],"class_list":{"0":"post-1397","1":"product","2":"type-product","3":"status-publish","4":"has-post-thumbnail","6":"product_cat-sans-gluten","7":"product_cat-sans-lactose","8":"product_cat-snacks-sucres","10":"first","11":"onbackorder","12":"shipping-taxable","13":"purchasable","14":"product-type-simple"},"jetpack_sharing_enabled":true,"wcpa_form_fields":null,"_links":{"self":[{"href":"https:\/\/jeumpa.fr\/index.php\/wp-json\/wp\/v2\/product\/1397","targetHints":{"allow":["GET"]}}],"collection":[{"href":"https:\/\/jeumpa.fr\/index.php\/wp-json\/wp\/v2\/product"}],"about":[{"href":"https:\/\/jeumpa.fr\/index.php\/wp-json\/wp\/v2\/types\/product"}],"replies":[{"embeddable":true,"href":"https:\/\/jeumpa.fr\/index.php\/wp-json\/wp\/v2\/comments?post=1397"}],"wp:featuredmedia":[{"embeddable":true,"href":"https:\/\/jeumpa.fr\/index.php\/wp-json\/wp\/v2\/media\/1398"}],"wp:attachment":[{"href":"https:\/\/jeumpa.fr\/index.php\/wp-json\/wp\/v2\/media?parent=1397"}],"wp:term":[{"taxonomy":"product_brand","embeddable":true,"href":"https:\/\/jeumpa.fr\/index.php\/wp-json\/wp\/v2\/product_brand?post=1397"},{"taxonomy":"product_cat","embeddable":true,"href":"https:\/\/jeumpa.fr\/index.php\/wp-json\/wp\/v2\/product_cat?post=1397"},{"taxonomy":"product_tag","embeddable":true,"href":"https:\/\/jeumpa.fr\/index.php\/wp-json\/wp\/v2\/product_tag?post=1397"}],"curies":[{"name":"wp","href":"https:\/\/api.w.org\/{rel}","templated":true}]}}